{"id":32,"date":"2020-03-12T18:26:26","date_gmt":"2020-03-12T17:26:26","guid":{"rendered":"http:\/\/fredfamily.fr\/blog\/foolshack\/?page_id=32"},"modified":"2020-03-13T11:56:47","modified_gmt":"2020-03-13T10:56:47","slug":"technique-2","status":"publish","type":"page","link":"https:\/\/fredfamily.fr\/blog\/foolshack\/technique-2\/","title":{"rendered":"Technique"},"content":{"rendered":"<h1 style=\"text-align: center;\"><img fetchpriority=\"high\" decoding=\"async\" class=\"alignnone  wp-image-80\" src=\"http:\/\/fredfamily.fr\/blog\/foolshack\/wp-content\/uploads\/sites\/5\/2020\/03\/foolshack10-300x169.jpg\" alt=\"\" width=\"552\" height=\"311\" srcset=\"https:\/\/fredfamily.fr\/blog\/foolshack\/wp-content\/uploads\/sites\/5\/2020\/03\/foolshack10-300x169.jpg 300w, https:\/\/fredfamily.fr\/blog\/foolshack\/wp-content\/uploads\/sites\/5\/2020\/03\/foolshack10.jpg 765w\" sizes=\"(max-width: 552px) 100vw, 552px\" \/><\/h1>\n<h1>Besoin mat\u00e9riel<\/h1>\n<h6>Un syst\u00e8me de diffusion de qualit\u00e9 professionnel en ad\u00e9quation avec le lieu.<\/h6>\n<h6>4 retours de sc\u00e8ne ind\u00e9pendants.<\/h6>\n<h1>Le groupe apporte<\/h1>\n<h6>Un ampli de guitare, un ampli basse, une batterie compl\u00e8te ludwing, un clavier norlead.<\/h6>\n<h1>Plan d&rsquo;implantation<\/h1>\n<p><img decoding=\"async\" class=\"alignnone size-medium wp-image-50\" src=\"http:\/\/fredfamily.fr\/blog\/foolshack\/wp-content\/uploads\/sites\/5\/2020\/03\/plan-de-sc\u00e8ne-300x225.jpg\" alt=\"\" width=\"300\" height=\"225\" srcset=\"https:\/\/fredfamily.fr\/blog\/foolshack\/wp-content\/uploads\/sites\/5\/2020\/03\/plan-de-sc\u00e8ne-300x225.jpg 300w, https:\/\/fredfamily.fr\/blog\/foolshack\/wp-content\/uploads\/sites\/5\/2020\/03\/plan-de-sc\u00e8ne.jpg 614w\" sizes=\"(max-width: 300px) 100vw, 300px\" \/><\/p>\n<h4><em>Michel Bourzeix 0687696095<\/em><\/h4>\n<p>&nbsp;<\/p>\n<p>&nbsp;<\/p>\n","protected":false},"excerpt":{"rendered":"<p>Besoin mat\u00e9riel Un syst\u00e8me de diffusion de qualit\u00e9 professionnel en ad\u00e9quation avec le lieu. 4 retours de sc\u00e8ne ind\u00e9pendants. Le groupe apporte Un ampli de guitare, un ampli basse, une batterie compl\u00e8te ludwing, un clavier norlead. Plan d&rsquo;implantation Michel Bourzeix 0687696095 &nbsp; &nbsp;<\/p>\n","protected":false},"author":1,"featured_media":0,"parent":0,"menu_order":0,"comment_status":"closed","ping_status":"closed","template":"","meta":{"footnotes":""},"class_list":["post-32","page","type-page","status-publish","hentry"],"_links":{"self":[{"href":"https:\/\/fredfamily.fr\/blog\/foolshack\/wp-json\/wp\/v2\/pages\/32","targetHints":{"allow":["GET"]}}],"collection":[{"href":"https:\/\/fredfamily.fr\/blog\/foolshack\/wp-json\/wp\/v2\/pages"}],"about":[{"href":"https:\/\/fredfamily.fr\/blog\/foolshack\/wp-json\/wp\/v2\/types\/page"}],"author":[{"embeddable":true,"href":"https:\/\/fredfamily.fr\/blog\/foolshack\/wp-json\/wp\/v2\/users\/1"}],"replies":[{"embeddable":true,"href":"https:\/\/fredfamily.fr\/blog\/foolshack\/wp-json\/wp\/v2\/comments?post=32"}],"version-history":[{"count":7,"href":"https:\/\/fredfamily.fr\/blog\/foolshack\/wp-json\/wp\/v2\/pages\/32\/revisions"}],"predecessor-version":[{"id":81,"href":"https:\/\/fredfamily.fr\/blog\/foolshack\/wp-json\/wp\/v2\/pages\/32\/revisions\/81"}],"wp:attachment":[{"href":"https:\/\/fredfamily.fr\/blog\/foolshack\/wp-json\/wp\/v2\/media?parent=32"}],"curies":[{"name":"wp","href":"https:\/\/api.w.org\/{rel}","templated":true}]}}