{"id":137,"date":"2020-03-16T11:46:04","date_gmt":"2020-03-16T10:46:04","guid":{"rendered":"http:\/\/fredfamily.fr\/blog\/michel\/?page_id=137"},"modified":"2020-05-03T11:38:36","modified_gmt":"2020-05-03T09:38:36","slug":"cds-enregistres-au-studio","status":"publish","type":"page","link":"https:\/\/fredfamily.fr\/blog\/michel\/cds-enregistres-au-studio\/","title":{"rendered":"studio vitry"},"content":{"rendered":"<p style=\"text-align: center;\"><strong>\u00a0\u00a0\u00a0 Studio de r\u00e9p\u00e9tition et d&rsquo;enregistrement \u00e0 VITRY<\/strong><\/p>\n<p style=\"text-align: center;\"><em><strong>ann\u00e9es 2000<\/strong><\/em><\/p>\n<p><img fetchpriority=\"high\" decoding=\"async\" class=\"size-medium wp-image-276 aligncenter\" src=\"http:\/\/fredfamily.fr\/blog\/michel\/wp-content\/uploads\/sites\/3\/2020\/05\/micdrum2-300x250.jpg\" alt=\"\" width=\"300\" height=\"250\" srcset=\"https:\/\/fredfamily.fr\/blog\/michel\/wp-content\/uploads\/sites\/3\/2020\/05\/micdrum2-300x250.jpg 300w, https:\/\/fredfamily.fr\/blog\/michel\/wp-content\/uploads\/sites\/3\/2020\/05\/micdrum2.jpg 343w\" sizes=\"(max-width: 300px) 100vw, 300px\" \/><\/p>\n<p><img decoding=\"async\" class=\" wp-image-271 alignleft\" src=\"http:\/\/fredfamily.fr\/blog\/michel\/wp-content\/uploads\/sites\/3\/2020\/05\/instantan\u00e9_0011-300x169.png\" alt=\"\" width=\"355\" height=\"200\" srcset=\"https:\/\/fredfamily.fr\/blog\/michel\/wp-content\/uploads\/sites\/3\/2020\/05\/instantan\u00e9_0011-300x169.png 300w, https:\/\/fredfamily.fr\/blog\/michel\/wp-content\/uploads\/sites\/3\/2020\/05\/instantan\u00e9_0011-1024x576.png 1024w, https:\/\/fredfamily.fr\/blog\/michel\/wp-content\/uploads\/sites\/3\/2020\/05\/instantan\u00e9_0011-768x432.png 768w, https:\/\/fredfamily.fr\/blog\/michel\/wp-content\/uploads\/sites\/3\/2020\/05\/instantan\u00e9_0011.png 1280w\" sizes=\"(max-width: 355px) 100vw, 355px\" \/> <img decoding=\"async\" class=\" wp-image-270 alignleft\" src=\"http:\/\/fredfamily.fr\/blog\/michel\/wp-content\/uploads\/sites\/3\/2020\/05\/instantan\u00e9_0010-300x169.png\" alt=\"\" width=\"360\" height=\"203\" srcset=\"https:\/\/fredfamily.fr\/blog\/michel\/wp-content\/uploads\/sites\/3\/2020\/05\/instantan\u00e9_0010-300x169.png 300w, https:\/\/fredfamily.fr\/blog\/michel\/wp-content\/uploads\/sites\/3\/2020\/05\/instantan\u00e9_0010-1024x576.png 1024w, https:\/\/fredfamily.fr\/blog\/michel\/wp-content\/uploads\/sites\/3\/2020\/05\/instantan\u00e9_0010-768x432.png 768w, https:\/\/fredfamily.fr\/blog\/michel\/wp-content\/uploads\/sites\/3\/2020\/05\/instantan\u00e9_0010.png 1280w\" sizes=\"(max-width: 360px) 100vw, 360px\" \/><\/p>\n<p>&nbsp;<\/p>\n<p>&nbsp;<\/p>\n<p>&nbsp;<\/p>\n<p>&nbsp;<\/p>\n<p>&nbsp;<\/p>\n<p><img loading=\"lazy\" decoding=\"async\" class=\" wp-image-272 aligncenter\" src=\"http:\/\/fredfamily.fr\/blog\/michel\/wp-content\/uploads\/sites\/3\/2020\/05\/instantan\u00e9_0013-300x169.png\" alt=\"\" width=\"327\" height=\"184\" srcset=\"https:\/\/fredfamily.fr\/blog\/michel\/wp-content\/uploads\/sites\/3\/2020\/05\/instantan\u00e9_0013-300x169.png 300w, https:\/\/fredfamily.fr\/blog\/michel\/wp-content\/uploads\/sites\/3\/2020\/05\/instantan\u00e9_0013-1024x576.png 1024w, https:\/\/fredfamily.fr\/blog\/michel\/wp-content\/uploads\/sites\/3\/2020\/05\/instantan\u00e9_0013-768x432.png 768w, https:\/\/fredfamily.fr\/blog\/michel\/wp-content\/uploads\/sites\/3\/2020\/05\/instantan\u00e9_0013.png 1280w\" sizes=\"(max-width: 327px) 100vw, 327px\" \/><\/p>\n<p><img loading=\"lazy\" decoding=\"async\" class=\" wp-image-268 alignleft\" src=\"http:\/\/fredfamily.fr\/blog\/michel\/wp-content\/uploads\/sites\/3\/2020\/05\/instantan\u00e9_002-300x169.png\" alt=\"\" width=\"343\" height=\"193\" srcset=\"https:\/\/fredfamily.fr\/blog\/michel\/wp-content\/uploads\/sites\/3\/2020\/05\/instantan\u00e9_002-300x169.png 300w, https:\/\/fredfamily.fr\/blog\/michel\/wp-content\/uploads\/sites\/3\/2020\/05\/instantan\u00e9_002-1024x576.png 1024w, https:\/\/fredfamily.fr\/blog\/michel\/wp-content\/uploads\/sites\/3\/2020\/05\/instantan\u00e9_002-768x432.png 768w, https:\/\/fredfamily.fr\/blog\/michel\/wp-content\/uploads\/sites\/3\/2020\/05\/instantan\u00e9_002.png 1280w\" sizes=\"(max-width: 343px) 100vw, 343px\" \/> <img loading=\"lazy\" decoding=\"async\" class=\" wp-image-267 alignleft\" src=\"http:\/\/fredfamily.fr\/blog\/michel\/wp-content\/uploads\/sites\/3\/2020\/05\/instantan\u00e9_001-300x169.png\" alt=\"\" width=\"341\" height=\"192\" srcset=\"https:\/\/fredfamily.fr\/blog\/michel\/wp-content\/uploads\/sites\/3\/2020\/05\/instantan\u00e9_001-300x169.png 300w, https:\/\/fredfamily.fr\/blog\/michel\/wp-content\/uploads\/sites\/3\/2020\/05\/instantan\u00e9_001-1024x576.png 1024w, https:\/\/fredfamily.fr\/blog\/michel\/wp-content\/uploads\/sites\/3\/2020\/05\/instantan\u00e9_001-768x432.png 768w, https:\/\/fredfamily.fr\/blog\/michel\/wp-content\/uploads\/sites\/3\/2020\/05\/instantan\u00e9_001.png 1280w\" sizes=\"(max-width: 341px) 100vw, 341px\" \/><\/p>\n<p>&nbsp;<\/p>\n<p>&nbsp;<\/p>\n<p>&nbsp;<\/p>\n<p>&nbsp;<\/p>\n<p><img loading=\"lazy\" decoding=\"async\" class=\" wp-image-269 aligncenter\" src=\"http:\/\/fredfamily.fr\/blog\/michel\/wp-content\/uploads\/sites\/3\/2020\/05\/instantan\u00e9_003-300x169.png\" alt=\"\" width=\"398\" height=\"224\" srcset=\"https:\/\/fredfamily.fr\/blog\/michel\/wp-content\/uploads\/sites\/3\/2020\/05\/instantan\u00e9_003-300x169.png 300w, https:\/\/fredfamily.fr\/blog\/michel\/wp-content\/uploads\/sites\/3\/2020\/05\/instantan\u00e9_003-1024x576.png 1024w, https:\/\/fredfamily.fr\/blog\/michel\/wp-content\/uploads\/sites\/3\/2020\/05\/instantan\u00e9_003-768x432.png 768w, https:\/\/fredfamily.fr\/blog\/michel\/wp-content\/uploads\/sites\/3\/2020\/05\/instantan\u00e9_003.png 1280w\" sizes=\"(max-width: 398px) 100vw, 398px\" \/><\/p>\n<p style=\"text-align: center;\"><img loading=\"lazy\" decoding=\"async\" class=\"wp-image-474 size-full aligncenter\" src=\"http:\/\/fredfamily.fr\/blog\/michel\/wp-content\/uploads\/sites\/3\/2020\/05\/val.gif\" alt=\"\" width=\"162\" height=\"176\" \/><\/p>\n<p>&nbsp;<\/p>\n","protected":false},"excerpt":{"rendered":"<p>\u00a0\u00a0\u00a0 Studio de r\u00e9p\u00e9tition et d&rsquo;enregistrement \u00e0 VITRY ann\u00e9es 2000 &nbsp; &nbsp; &nbsp; &nbsp; &nbsp; &nbsp; &nbsp; &nbsp; &nbsp; &nbsp;<\/p>\n","protected":false},"author":1,"featured_media":0,"parent":0,"menu_order":0,"comment_status":"closed","ping_status":"closed","template":"","meta":{"footnotes":""},"class_list":["post-137","page","type-page","status-publish","hentry"],"_links":{"self":[{"href":"https:\/\/fredfamily.fr\/blog\/michel\/wp-json\/wp\/v2\/pages\/137","targetHints":{"allow":["GET"]}}],"collection":[{"href":"https:\/\/fredfamily.fr\/blog\/michel\/wp-json\/wp\/v2\/pages"}],"about":[{"href":"https:\/\/fredfamily.fr\/blog\/michel\/wp-json\/wp\/v2\/types\/page"}],"author":[{"embeddable":true,"href":"https:\/\/fredfamily.fr\/blog\/michel\/wp-json\/wp\/v2\/users\/1"}],"replies":[{"embeddable":true,"href":"https:\/\/fredfamily.fr\/blog\/michel\/wp-json\/wp\/v2\/comments?post=137"}],"version-history":[{"count":27,"href":"https:\/\/fredfamily.fr\/blog\/michel\/wp-json\/wp\/v2\/pages\/137\/revisions"}],"predecessor-version":[{"id":479,"href":"https:\/\/fredfamily.fr\/blog\/michel\/wp-json\/wp\/v2\/pages\/137\/revisions\/479"}],"wp:attachment":[{"href":"https:\/\/fredfamily.fr\/blog\/michel\/wp-json\/wp\/v2\/media?parent=137"}],"curies":[{"name":"wp","href":"https:\/\/api.w.org\/{rel}","templated":true}]}}